by z?
9
Suppose 0 = -17*x + 7*x + 310. Let o(l) = l**3 + 9*l**2 + 5*l - 8. Calculate the remainder when x is divided by o(-8).
15
Let o = -167 + 197. What is the remainder when 103 is divided by 24/90*3*o?
7
Suppose n + 97 = -5*t - 19, 3*n = 5*t - 288. Let f = n - -136. What is the remainder when 50 is divided by f?
15
Let h(z) = -z**3 + 21*z**2 - 12*z - 2. Calculate the remainder when h(7) is divided by 22.
6
Let t = 844 + -804. What is the remainder when 3718 is divided by t?
38
Suppose 25*q - 34*q + 54 = 0. Calculate the remainder when 233 is divided by 41 - (3 + -3 - q).
45
Let q be (-19)/((-1596)/48) + (-552)/(-14). Suppose 4*o - q = 64. What is the remainder when 147 is divided by o?
17
Suppose q - 4*y + 23 = 0, -y - 1 = q + q. Let n(k) = 25*k**2 - 6*k + 15. Calculate the remainder when n(q) is divided by 44.
38
Let s be 16/(16/(-442) + (-30)/255). Let o = s - -107. Suppose -3*f = -2*x - 19, f - 3*x - 6 = 12. What is the remainder when o is divided by f?
0
Let u be (8/5)/((-12)/60). What is the remainder when -4 - (814/u - 4/16) is divided by 25?
23
Suppose -15*f + 4 + 206 = 0. Suppose 2*r = -3*r - 2*t - 130, 4*t + 20 = 0. Let w = 50 + r. What is the remainder when w is divided by f?
12
Let w = 61 - 58. Let m be (1 + w/2)*374/(-17). Let u = -53 - m. Calculate the remainder when u is divided by 1.
0
Let f(c) = -c + 9. Let b = 38 + -31. Let n be f(b). Suppose 0 = 3*o + 2*w - 15, 3*w - n = -2*o - w. What is the remainder when 11 is divided by o?
4
Let s(z) = 9*z**3 + 2*z - 2. Let x be (-2 + (2 - 2))*578/(-4). Let o = -270 + x. What is the remainder when s(2) is divided by o?
17
Suppose -8*t = -50*t + 756. Let y = 239 + -25. What is the remainder when y is divided by t?
16
Suppose 14*z = 34*z - 3079 - 1321. Calculate the remainder when z is divided by 19.
11
Let s = -223 - -244. Calculate the remainder when (-101)/(3 - s*(-2)/(-12)) is divided by 34.
32
Suppose -114*n - 42442 = -416*n - 6806. Calculate the remainder when n is divided by 23.
3
What is the remainder when 1010 is divided by (-1)/5*2 + 31 + 1155/75?
44
Let q(s) = 30*s**2 - 9*s - 31. Let g be q(-4). Suppose -492*b + 1232 = -g*b. Calculate the remainder when b is divided by 37.
28
Suppose 17*z + 3*z = -20. What is the remainder when 119 is divided by z + 6 + 39 + 9?
13
Let z be (-6)/(36/(-5637)) + (-2)/(-4). Let k = z + -919. Calculate the remainder when 37 is divided by k.
16
Suppose 24*w - 19*w - 1955 = 0. Suppose w + 505 = 8*h. Calculate the remainder when h is divided by 30.
22
What is the remainder when 8 - (8 + 2*3177/(-18)) is divided by 111?
20
Let x(q) = -q**3 + 21*q**2 + 25*q - 62. Let t be x(22). Calculate the remainder when 70 is divided by 6/21*(-49)/(-28)*t.
0
Let s(a) = -4*a - 59. Suppose 0 = -5*c + c - 64. Let o be s(c). Suppose -4*i - o*k = -217, i + 3*k = 4*i - 183. What is the remainder when i is divided by 20?
18
Let i(n) = n**3 + 32*n**2 - 64*n - 20. Calculate the remainder when 1007 is divided by i(-33).
4
Suppose 2881 = -42*s + 5814 + 6433. What is the remainder when s is divided by (-345)/(-9) - 1/3?
33
Calculate the remainder when 3297 is divided by (-1 - -691)/3 + (-3)/4*-8.
229
Let y = 62 - 21. Let l be (3/9*3 - -16) + -5. Suppose 322 = -l*s + 14*s. Calculate the remainder when s is divided by y.
38
Calculate the remainder when 7257 - (-11 + (-23 - -19)) is divided by 2421.
9
Suppose -5*n = 5*n + 430. Let j = 102 - n. Let k = j + -14. Calculate the remainder when k is divided by 33.
32
Suppose 29*o - 36 - 80 = 0. Calculate the remainder when (-861 + o + -5)*(-1)/2 is divided by 27.
26
Let u = -182 + 204. Let z = -36 - -57. What is the remainder when u is divided by z?
1
Let n(t) = -55*t + 1750. What is the remainder when 1584 is divided by n(30)?
84
Let n = -466 + 478. Suppose 0 = -d + 2*d - n. Calculate the remainder when 71 - (1 - (-2 - -3)) is divided by d.
11
Suppose -5*q + q + 168 = 0. Let k = -326 + 159. Let c = k + 191. Calculate the remainder when q is divided by c.
18
Let a = -526 + 686. Suppose 0 = -158*s + a*s - 50. Calculate the remainder when 96 is divided by s.
21
Calculate the remainder when ((-3558)/18 - -1)*216/(-15) is divided by 109.
107
Suppose 3*i - 11 = q - 7, 2*i + q = -4. Suppose -5*n = 5*x - 213 - 122, 5*x + 5 = i. Calculate the remainder when n is divided by 16.
4
Let k(w) = -7*w - 75. Suppose -1315 - 2789 = -9*h. Calculate the remainder when h is divided by k(-18).
48
Let g(i) = i**2 - 7*i - 18. Let j be g(9). Suppose -r + 1 + 16 = j. Suppose -r*d + 20 = -12*d. Calculate the remainder when 19 is divided by d.
3
Suppose 3*w - 432 = 3*o, 285 + 4 = -2*o + 3*w. Let a = -129 - o. Calculate the remainder when 179 is divided by a.
11
Suppose 22*c - 6713 - 2337 = 2214. What is the remainder when c is divided by 276?
236
Suppose -32 = -3*w - b - 3*b, 3*w + 8 = 4*b. Suppose 78 - 12 = 2*h. Let n = h - 22. What is the remainder when n is divided by w?
3
Let v(j) = 26*j**2 - 2*j. Let q be v(-3). Calculate the remainder when (864/q)/((-4)/(-130)) is divided by 15.
12
Let q = 1612 + -1495. Calculate the remainder when 384 is divided by q.
33
Let f(m) = -247*m. What is the remainder when f(-1) is divided by ((-35)/(-7))/(176/880)?
22
Let c(h) = -4*h**3 + 16*h**2 + 28*h - 87. What is the remainder when 5498 is divided by c(4)?
23
Let x(j) = j**3 - 8*j**2 + 7*j + 111. Calculate the remainder when 4589 is divided by x(9).
254
Let g be 1/(30/(-222)) + 2/5. Let q(m) = -m**2 - 5*m + 21. Suppose 0 = 4*s - 0*s - 48. Calculate the remainder when s is divided by q(g).
5
Let n = 93 + -89. Suppose -5*b + 151 = 3*l + 7, -3*b + 98 = -n*l. What is the remainder when 1*-1 - (-86)/1 is divided by b?
25
Let u(b) = 2*b**3 + 10*b**2 + 7*b + 65. Calculate the remainder when 290 is divided by u(-5).
20
Suppose -17 = -3*g + 2*g + 2*s, g = -4*s - 1. Suppose 35 = 4*z + g. Calculate the remainder when 13 is divided by ((-15)/z - 0)*(0 + -2).
3
Let x = -18283 - -18759. What is the remainder when 954 is divided by x?
2
Calculate the remainder when (-340)/(-3) - ((-102)/18 - -5) is divided by (-48 + 45)*(-13)/1.
36
Suppose 0 = 263*a - 256*a - 455. Suppose 2*y - 81 = -a. Suppose 0*i - 60 = -5*i. Calculate the remainder when i is divided by y.
4
Suppose -17 = -x + 39 - 8. What is the remainder when 63 is divided by x?
15
Let f = 237 + -124. Suppose 0 = -8*h + f + 687. Calculate the remainder when 396 is divided by h.
96
What is the remainder when 5114 is divided by ((-12)/(-9))/(40/(-240)) + 163?
154
Let s = 5750 - 5734. What is the remainder when 60 - 1/(-2)*2 is divided by s?
13
Let o = 49 - 46. Suppose -o*c - 12 = -51. Calculate the remainder when 36 is divided by c.
10
Let y(o) = 2*o - 3. Let i be y(-4). Let w be (16/56*-9)/((-1)/(-14)*-2). Let j = i + w. Calculate the remainder when j is divided by 5.
2
Let k(w) = w**2 - 296*w - 1814. Let c be k(-6). Let z = -3 - 1. Calculate the remainder when 26 + (c - (z/1 - 0)) is divided by 11.
6
Let p(d) = d**3 + 10*d**2 + 6*d - 15. Let u be p(-7). Let c = u + -79. What is the remainder when 75 is divided by c?
9
Let l be (2/(-8) + 1)/(13/13780). Suppose l = -5*k - 150. Let t = k - -322. What is the remainder when t is divided by 34?
31
Suppose -3*h - a - 2550 + 275 = 0, -4*h - 5*a - 3026 = 0. Calculate the remainder when 104 is divided by (-1 + -1 + 1)/(33/h).
12
Calculate the remainder when 633 is divided by (1/(-9)*8)/(24/(-2808)).
9
Suppose -3*j + b = -5*j + 37, 19 = j + b. Let h be (64/(-72))/(-4) + 3956/j. Suppose 11*z - h = 11. Calculate the remainder when 60 is divided by z.
18
Suppose 5*x = 40, -17*q = -13*q + 4*x - 4276. Calculate the remainder when q is divided by 1056.
5
Let r(k) = 63*k**2 - 37*k + 31. What is the remainder when r(10) is divided by 71?
68
Let u = -9 + 22. Let v = 442 + 170. Suppose -56*b + v = -50*b. What is the remainder when b is divided by u?
11
Suppose 125 = 4*n + 57. What is the remainder when 201 is divided by n?
14
Let u(v) = -5*v + 7. What is the remainder when (-12)/24 + (-2935)/(-10) is divided by u(-7)?
41
Let f(i) = -26*i**3 - 1. Suppose 5*q = 4*q + 13. Let t(a) = a**3 - 14*a**2 + 16*a + 8. Calculate the remainder when t(q) is divided by f(-1).
22
Suppose n - 2*d = 18 + 14, n - 3*d = 34. Suppose t + 44 = 3*t. What is the remainder when n is divided by t?
6
Suppose -4*t + 176 = -0*t - 